{"id":146,"date":"2016-04-28T15:00:00","date_gmt":"2016-04-28T13:00:00","guid":{"rendered":"http:\/\/wp-neu.feuerwehr-schwaikheim.de\/?page_id=146"},"modified":"2017-02-03T15:37:21","modified_gmt":"2017-02-03T14:37:21","slug":"elw-1","status":"publish","type":"page","link":"http:\/\/feuerwehr-schwaikheim.de\/index.php\/elw-1\/","title":{"rendered":"ELW 1"},"content":{"rendered":"<table border=\"0\">\n<tbody>\n<tr>\n<td width=\"200\"><strong>Bezeichnung:<\/strong><\/td>\n<td>Einsatzleitwagen<\/td>\n<\/tr>\n<tr>\n<td><strong>Funkrufname:<\/strong><\/td>\n<td>Florian Schwaikheim 11<\/td>\n<\/tr>\n<tr>\n<td><strong>Baujahr:<\/strong><\/td>\n<td>2011<\/td>\n<\/tr>\n<tr>\n<td><strong>Leistung:<\/strong><\/td>\n<td>140 PS<\/td>\n<\/tr>\n<tr>\n<td><strong>Sitzpl\u00e4tze:<\/strong><\/td>\n<td>8<\/td>\n<\/tr>\n<tr>\n<td><strong>zul. Gesamtgewicht:<\/strong><\/td>\n<td>3.500 kg<\/td>\n<\/tr>\n<tr>\n<td><strong>Besondere Ausstattung:<\/strong><\/td>\n<td>\n<ul>\n<li>Umfangreiches Kartenmaterial<\/li>\n<li>Spezielle Einsatzunterlagen f\u00fcr Industrie und \u00d6ffentliche Geb\u00e4ude<\/li>\n<li>Besprechungstisch<\/li>\n<li>Funk &#8211; Arbeitsplatz f\u00fcr 4m und 2m Kanal<\/li>\n<li>Multifunktionsdrucker<\/li>\n<li>Notstromaggregat<\/li>\n<li>Material zur Koordination von Gro\u00dfschadenslagen<\/li>\n<\/ul>\n<\/td>\n<\/tr>\n<\/tbody>\n<\/table>\n<div class=\"flexslider ewic-slider-lite is_on_\" id=\"ewic-con-16969febde68a052\"><div id=\"preloader-16969febde68a052\" class=\"sliderpreloader\"><\/div><ul style=\"display:none;\" class=\"slides flexslider-16969febde68a052\"><li class=\"ewic-slider\"><a href=\"http:\/\/feuerwehr-schwaikheim.de\/wp-content\/uploads\/2016\/05\/elw1_1.jpg\" title=\"\" rel=\"ewicprettyPhoto[16969febde68a052]\" data-rel=\"lightbox-image-0\" data-rl_title=\"\" data-rl_caption=\"\"><img decoding=\"async\" title=\"ELW 1\" class=\"ewic-wid-imgs\" src=\"http:\/\/feuerwehr-schwaikheim.de\/wp-content\/uploads\/2016\/05\/elw1_1.jpg\" \/><p class=\"flex-caption\">ELW 1<\/p><\/a><\/li><li class=\"ewic-slider\"><a href=\"http:\/\/feuerwehr-schwaikheim.de\/wp-content\/uploads\/2016\/05\/elw1_2.jpg\" title=\"\" rel=\"ewicprettyPhoto[16969febde68a052]\" data-rel=\"lightbox-image-1\" data-rl_title=\"\" data-rl_caption=\"\"><img decoding=\"async\" title=\"ELW 1\" class=\"ewic-wid-imgs\" src=\"http:\/\/feuerwehr-schwaikheim.de\/wp-content\/uploads\/2016\/05\/elw1_2.jpg\" \/><p class=\"flex-caption\">ELW 1<\/p><\/a><\/li><li class=\"ewic-slider\"><a href=\"http:\/\/feuerwehr-schwaikheim.de\/wp-content\/uploads\/2016\/05\/elw1_3.jpg\" title=\"\" rel=\"ewicprettyPhoto[16969febde68a052]\" data-rel=\"lightbox-image-2\" data-rl_title=\"\" data-rl_caption=\"\"><img decoding=\"async\" title=\"ELW 1\" class=\"ewic-wid-imgs\" src=\"http:\/\/feuerwehr-schwaikheim.de\/wp-content\/uploads\/2016\/05\/elw1_3.jpg\" \/><p class=\"flex-caption\">ELW 1<\/p><\/a><\/li><\/ul><script type=\"text\/javascript\">\r\n\tjQuery(document).ready(function($) {\r\n\t\t\r\n\t\t$(\"#preloader-16969febde68a052\").fadeOut(500, function () {\r\n\t\t\t\r\n\t\t\t$(\"#ewic-con-16969febde68a052\").addClass(\"ready_to_show\");\r\n\t\t\t\r\n\t\t\t$(\"a[rel^='ewicprettyPhoto[16969febde68a052]']\").ewcPhoto({\r\n\t\t\t\ttheme: \"ewc_default\",\r\n\t\t\t\tallow_expand: false,\r\n\t\t\t\tdeeplinking: false,\r\n\t\t\t\tslideshow:5000,\r\n\t\t\t\tautoplay_slideshow:true,\r\n\t\t\t\tsocial_tools:false\r\n\t\t\t});\r\n\t\t\t\r\n\t\t\t$(\".flexslider-16969febde68a052\").fadeIn(300);\r\n\t\t\t\r\n\t\t\t$(\"#ewic-con-16969febde68a052\").flexslider({\r\n\t\t\t\tanimation: \"slide\",\r\n\t\t\t\tanimationSpeed: 0,\r\n\t\t\t\tuseCSS: false,\r\n\t\t\t\teasing: \"easeInOutElastic\",\r\n\t\t\t\tdirection: \"horizontal\",\r\n\t\t\t\tslideshow: true,\r\n\t\t\t\tsmoothHeight: true,\r\n\t\t\t\tpauseOnHover: true, \r\n\t\t\t\tcontrolNav: false,\r\n\t\t\t\tprevText: \"\",\r\n\t\t\t\tnextText: \"\",\r\n\t\t\t\trtl: false,\r\n\t\t\t\tslideshowSpeed: 5000,\r\n\t\t\t\tstart: function(slider){\r\n\t\t\t\t\t$(\"#ewic-con-16969febde68a052\").find(\".flex-caption\").hide();\r\n\t\t\t\t\tvar curSlide = slider.find(\"li.flex-active-slide\");\r\n\t\t\t\t\t$(curSlide).find(\".flex-caption\").slideDown();\r\n\t\t\t\t},\r\n\t\t\t\tbefore: function(slider) {\r\n\t\t\t\t\t$(\"#ewic-con-16969febde68a052\").find(\".flex-caption\").slideUp();\r\n\t\t\t\t},\r\n\t\t\t\tafter: function(slider) {\r\n\t\t\t\t\tvar curSlide = slider.find(\"li.flex-active-slide\");\r\n\t\t\t\t\t$(curSlide).find(\".flex-caption\").slideDown();\r\n\t\t\t\t}\r\n\t\t\t\t\r\n\t\t\t});\r\n\t\t\t\r\n\t\t});\r\n\t\t\t\r\n\t});\r\n<\/script><\/div>\r\n\n","protected":false},"excerpt":{"rendered":"<p>Bezeichnung: Einsatzleitwagen Funkrufname: Florian Schwaikheim 11 Baujahr: 2011 Leistung: 140 PS Sitzpl\u00e4tze: 8 zul. Gesamtgewicht: 3.500 kg Besondere Ausstattung: Umfangreiches<\/p>\n","protected":false},"author":1,"featured_media":0,"parent":0,"menu_order":0,"comment_status":"closed","ping_status":"closed","template":"","meta":{"footnotes":""},"jetpack_sharing_enabled":true,"_links":{"self":[{"href":"http:\/\/feuerwehr-schwaikheim.de\/index.php\/wp-json\/wp\/v2\/pages\/146"}],"collection":[{"href":"http:\/\/feuerwehr-schwaikheim.de\/index.php\/wp-json\/wp\/v2\/pages"}],"about":[{"href":"http:\/\/feuerwehr-schwaikheim.de\/index.php\/wp-json\/wp\/v2\/types\/page"}],"author":[{"embeddable":true,"href":"http:\/\/feuerwehr-schwaikheim.de\/index.php\/wp-json\/wp\/v2\/users\/1"}],"replies":[{"embeddable":true,"href":"http:\/\/feuerwehr-schwaikheim.de\/index.php\/wp-json\/wp\/v2\/comments?post=146"}],"version-history":[{"count":9,"href":"http:\/\/feuerwehr-schwaikheim.de\/index.php\/wp-json\/wp\/v2\/pages\/146\/revisions"}],"predecessor-version":[{"id":1444,"href":"http:\/\/feuerwehr-schwaikheim.de\/index.php\/wp-json\/wp\/v2\/pages\/146\/revisions\/1444"}],"wp:attachment":[{"href":"http:\/\/feuerwehr-schwaikheim.de\/index.php\/wp-json\/wp\/v2\/media?parent=146"}],"curies":[{"name":"wp","href":"https:\/\/api.w.org\/{rel}","templated":true}]}}